e ((-2)/m + 38)/2. Calculate the greatest common factor of 12 and f.
6
Let m be (-12)/8 + 63/2. What is the greatest common factor of 15 and m?
15
Let b = 4 - 2. Suppose -b*y + y = -5. Let z(l) = l**2 - l + 4. Let f be z(y). Calculate the highest common divisor of f and 6.
6
Let z(n) = -2*n + 194. Let d be z(9). Calculate the highest common factor of 112 and d.
16
Let a be 4/(-14) + 1272/210*5. Calculate the highest common divisor of a and 15.
15
Let l(j) = j**2 - 2. Let d be l(-3). Suppose 315 = d*i - 2*i. Let n be 1*(-13 + 4)/(-1). Calculate the highest common factor of i and n.
9
Let s(f) = -f**3 + 9*f**2 - 6*f - 10. Let h be s(8). Let c be 54/h + 8/(-2). Let q = 6 + c. Calculate the highest common factor of q and 11.
11
Suppose 5 = -2*b - 3. Let v be 0 + (9 - 4 - b). Let x(j) = j**2 - 8*j - 7. Let h be x(v). What is the highest common factor of h and 3?
1
Let f(j) = 6*j**3 - 5*j**2 - 5*j + 10. Let d be f(4). Calculate the greatest common factor of d and 392.
98
Suppose 3 = 2*k + 5*p, -2*k = 2*k + 4*p - 12. Suppose -3*l + 1365 = k*l. What is the highest common factor of 39 and l?
39
Suppose -l = 2*l + 4*t - 487, -4*t = l - 157. What is the greatest common factor of 30 and l?
15
Let u = 774 + -290. Calculate the greatest common factor of 44 and u.
44
Suppose -94 - 32 = -3*y. Suppose 10*s - 8 = y. Calculate the greatest common divisor of s and 15.
5
Suppose 6 = -2*l + l. Let f = l - -41. Let v be (3 - 1*-1) + 1. What is the highest common factor of f and v?
5
Suppose 0 = 6*g - 36 + 24. What is the greatest common divisor of g and 8?
2
Let s(k) = 62*k - 52. Let m be s(2). What is the greatest common divisor of 360 and m?
72
Suppose 0*u + 2*u - 188 = 0. Let s be -2 + (-12)/(-4) + u. What is the highest common divisor of s and 38?
19
Suppose 8 + 4 = -3*x + 3*c, -c + 7 = 2*x. Let z be x/(-5 - 302/(-60)). What is the greatest common divisor of 90 and z?
30
Let l be (2 + 9/6)*6. Let i(o) = 9*o**2 - 7*o - 8. Let c be i(-2). What is the greatest common factor of l and c?
21
Suppose 35 = 8*c - 405. Calculate the greatest common divisor of c and 66.
11
Suppose 17*t = 89*t - 5544. What is the highest common factor of t and 56?
7
Let j(f) = 80*f + 1. Let a be j(2). Suppose -2*m + 163 = -3*d, 3*d - a = -2*m + 4*d. Calculate the highest common factor of m and 32.
16
Suppose 0 = 3*h + k - 5, 10*h + 5*k + 8 = 6*h. What is the highest common divisor of 3 and h?
3
Let c(s) = -s**2 + 36. Let x be c(0). Suppose l - 3*j = 24, -56 - 64 = -5*l + 4*j. Calculate the greatest common divisor of x and l.
12
Let n be 16/10*(-15)/(-2). Let o = -2 + 9. Let w be o*(8/(-7) + 2). What is the greatest common divisor of w and n?
6
Suppose -s = -15 - 13. What is the greatest common factor of 448 and s?
28
Suppose -4*i = -4*v - 328, 0 = 3*i - 2*v - 360 + 116. Suppose -196 = -6*d + 2*d. Suppose -5*s = -d - 31. What is the highest common factor of i and s?
16
Let n = -2342 + 3617. What is the highest common divisor of n and 225?
75
Suppose -4*o = -o - 6. Let l be o/(-7) - (-1311)/7. Let i = -691 - -708. What is the greatest common factor of i and l?
17
Let m = 97 + -7. Suppose -7*b = -2*b - 20. Suppose -5*y + 164 = 4*v, 3*v = 2*v - b. What is the highest common factor of y and m?
18
Let v be (-16)/(-10) + -2 - 51/(-15). Suppose 0 = 3*t + 2*r + v*r + 14, r = t - 6. What is the highest common divisor of t and 8?
2
Let k(s) = -3*s - 6. Let h be k(-5). What is the greatest common divisor of h and 4?
1
Suppose -2*t + 26 - 10 = 0. Suppose 0 = 26*h - 24*h - 8. What is the highest common factor of h and t?
4
Suppose 5*r = s + 7, 0 = -2*r + s + 3*s - 8. Suppose 2*q + 5*y - 82 = 0, -r*q + 6*q + y - 146 = 0. Calculate the greatest common factor of q and 18.
18
Let j = 61 - 22. Calculate the greatest common divisor of j and 91.
13
Suppose -4*a = 5*i - 10, 0 = -3*i + 5*a - 2*a - 21. Let b be (1 - 11/3)/(i/6). What is the greatest common factor of b and 16?
8
Let c be (-35)/42*10*(-18)/6. Calculate the highest common divisor of c and 110.
5
Suppose -3*t = -t. Suppose 15 = 5*m, -g + 2*g - 4*m = t. Calculate the highest common factor of 48 and g.
12
Let w be (1 - -5)/((-45)/(-10) - 3). Suppose 0 = 2*q - 4*a - 41 - 47, -3*q = -w*a - 122. Calculate the highest common divisor of q and 2.
2
Suppose 16 = u - 0*u. Let x = 22 - 46. Let p be (3*-2)/(1 - (-27)/x). What is the greatest common factor of u and p?
16
Let j be (-2)/(-8) + (-9493)/220*-5. Calculate the highest common factor of j and 48.
24
Let r(l) = 7*l + 164. Let c be r(-6). What is the highest common divisor of c and 6?
2
Let j(l) = l**2 - 8*l - 10. Let h be j(9). Let o be (h - -2)/((-4)/(-28)). Let a be -1*(1 + -1 + -1). Calculate the highest common factor of o and a.
1
Let l be 5/(0 + -1 - -2). Suppose -3*u + 318 = l*n, -3*u - 128 = -2*n - 4*u. Let o = 54 + n. What is the greatest common divisor of 15 and o?
15
Suppose -2*d - 5*z = 3*d + 395, 3*d - 4*z = -251. Let n = d - -137. What is the highest common factor of 28 and n?
28
Suppose -42*g = -1403 - 67. Calculate the greatest common factor of g and 21.
7
Suppose 0 = -3*w + 4*x + 45, 3*x - 3 = -12. Let r(i) = -i**2 - 27*i + 495. Let z be r(-38). What is the highest common factor of w and z?
11
Let b be (495/6)/11*2. Let t(o) = 8*o + 1. Let w be t(13). What is the highest common divisor of w and b?
15
Let n = 20 - 48. Let s = 83 - 37. Let b = s + n. Calculate the highest common factor of b and 54.
18
Let c = 25 + 255. What is the greatest common divisor of 56 and c?
56
Suppose -45*l = -33*l - 708. Suppose 5*v + 175 = -5*z, 5*z - v = 4*v - 225. Let s = l + z. What is the highest common divisor of s and 133?
19
Let m = 2 - -2. Let g be (-3)/(m/((-176)/6)). Let s be -2*3/6*(-32 - 1). What is the greatest common factor of s and g?
11
Suppose -2*f - 109 = 5*d - 8*d, -4*d + 127 = f. What is the highest common factor of 352 and d?
11
Let h(n) be the first derivative of -n**4/4 + 8*n**3/3 + 6*n**2 + 9*n - 8. Let x be h(9). What is the highest common divisor of x and 12?
12
Let o be (-388)/(-76) - 10/95. Suppose -w - o*n = -44, -2*n - 2*n = w - 40. What is the highest common divisor of w and 60?
12
Let m be (0 - 3) + 10 + -18. Let j = m - -19. Suppose -5*p + 102 = -4*y + 30, -2*p - 3*y = -15. What is the highest common factor of p and j?
4
Suppose -5*u - 177 = 418. Let d = u - -179. Suppose 3*b - 132 = d. Calculate the greatest common factor of 8 and b.
8
Let x(c) = -c**3 + 7*c**2 - 7*c - 10. Let j be x(5). Suppose 8 + 3 = k - j*r, -45 = -3*k + 3*r. Calculate the highest common factor of 176 and k.
16
Let g = 180 - 375. Let m be 3 - (g/9 + 8/12). Calculate the highest common divisor of 8 and m.
8
Let b be 0 - -196 - (-5)/((-5)/2). Let w be b + 0 + 2 - (0 + 0). What is the highest common divisor of w and 28?
28
Let p(o) = o**2 + 7*o - 6. Let b(a) = -11*a + 1. Let s be b(-4). Suppose -3*i + s = -8*i. Let z be p(i). What is the highest common divisor of z and 132?
12
Let f(a) = a**2 - 10*a + 2. Let s be f(10). Suppose 4*p = s*p + 42. Let j(w) = 169*w**2 - w. Let l be j(1). Calculate the highest common factor of l and p.
21
Let p = 329 - 323. Calculate the greatest common divisor of 14 and p.
2
Let w be (5 - -1)*(-22)/(-3). Let c = w + -29. Calculate the greatest common divisor of 6 and c.
3
Suppose 2*i - 107 = -3*z + 35, 243 = 5*z - 3*i. What is the highest common divisor of z and 816?
48
Suppose 0 = 5*m + 5*x + 30, -2*m + 2*x + 3*x - 5 = 0. Let v be 4/(-30)*m + 354/9. Calculate the greatest common factor of 8 and v.
8
Let y(s) = 3*s - 19. Let n be y(6). Let g be 8*(-2 + n)/(-6). Suppose 2*l - 3*p = 22, -16 = -3*l + 2*l + g*p. Calculate the highest common divisor of 12 and l.
4
Suppose -2*l + 4*l - 110 = 0. Suppose 4*o - 132 = 8*o. Let p be -1*o/((-3)/(-1)). Calculate the greatest common factor of p and l.
11
Suppose 0 = 5*x + 2*h - 3 - 4, -x - 1 = h. Suppose x*u = 80 + 160. Calculate the highest common divisor of 32 and u.
16
Let v be ((-18)/10)/(309/(-150) + 2). What is the greatest common divisor of v and 15?
15
Let y(t) = -4*t + 0*t - 13 + 2*t - 3*t. Let x be y(-6). What is the greatest common factor of x and 119?
17
Suppose 4*s - 35 = -0*g - g, 3*s = -5*g + 5. Suppose 0 = 3*k + 2*x - 206, -k + 6*k = -x + 348. Calculate the highest common factor of k and s.
10
Let v = -946 + 1034. Calculate the